highest common factor of a and 6.
2
Let b = -2 + 14. Let d be (-3)/b - 42/(-8). Calculate the greatest common divisor of 45 and d.
5
Let c(q) = -3*q**2 - 5*q + 2 + 2*q**2 + 3*q**2. Let d be c(3). What is the highest common factor of 45 and d?
5
Let v(b) = -b + 2. Let y be v(-15). Calculate the greatest common factor of 17 and y.
17
Let k(t) = -t + 12. Let f be k(0). Let j be ((-2)/2)/((-7)/28). Let h = j - -8. Calculate the highest common factor of h and f.
12
Let n = 4 - 6. Let t be 4/(-1 - n) - 2. Calculate the greatest common divisor of 1 and t.
1
Suppose -c - 2*c + 33 = 0. Let v be (-2)/(1/(5/(-2))). Suppose -a = v*u + a - 5, 3*u - 3 = 3*a. What is the highest common factor of c and u?
1
Suppose 500 = 5*o - 2*f, -186 - 13 = -2*o + f. Suppose 2*a - o - 58 = 0. Let x be (-3)/(9/(-30) - 0). What is the greatest common factor of x and a?
10
Let g be ((-1)/2)/((-3)/144). Suppose -22*b + 17*b = -30. Calculate the greatest common divisor of b and g.
6
Let g(t) = 25*t**2 - 2*t + 2. Let q(x) = 12*x**2 - x + 1. Let f(c) = -6*g(c) + 13*q(c). Let v be f(-2). Calculate the greatest common factor of 81 and v.
27
Suppose 12 = -3*h - h. Let j(o) = 3*o**2 + 2*o + 1. Let l be j(h). Let u = -23 + 25. What is the highest common divisor of l and u?
2
Suppose m - 2*m + 5 = f, -4*f = 2*m - 8. Calculate the highest common divisor of 9 and m.
3
Let s(q) = -q**3 + 6*q**2 - 2*q. Let y be s(4). Suppose 0*a = 3*a - y. What is the greatest common divisor of 8 and a?
8
Suppose -3*j = 8*u - 3*u - 675, -4*j + 20 = 0. Let v = -7 + 19. Calculate the greatest common factor of u and v.
12
Let i(m) = m**3 + m**2 - 12*m + 8. Let x be i(-4). Suppose -3 = -k + 5. What is the greatest common factor of x and k?
8
Let s(k) = k - 2. Let z be s(1). Let p = z + 17. Calculate the greatest common factor of 16 and p.
16
Let f = 22 + -4. What is the highest common factor of f and 6?
6
Let v(g) = -g**3 - 20*g**2 - 24*g - 17. Let r be v(-19). What is the highest common factor of 26 and r?
26
Let u(y) = -17*y - 6. Let l be u(-4). What is the highest common factor of 31 and l?
31
Let y(w) = -9*w**3 - 3*w**2 - 6*w - 9. Let h be y(-2). What is the greatest common factor of h and 9?
9
Let d = -11 + 15. Let s(m) = 4 - 2 + 4 - d*m - 2. Let v be s(-4). What is the greatest common factor of 180 and v?
20
Let i be (-332)/(-14) - (-20)/70. What is the highest common divisor of 6 and i?
6
Suppose 3*s - 8 = -2, s + 46 = q. What is the highest common factor of 8 and q?
8
Let a = 22 + -15. Let u(z) = 6*z - 2. Let c be u(a). What is the highest common factor of c and 100?
20
Let v(q) = q**2. Let g be v(2). Suppose 2*p + 2 = g*n, -p = -4*p - 3*n + 15. Let h = 10 + -7. What is the greatest common factor of p and h?
3
Suppose 3*p = 4*o + 10, 5*p - 45 = 2*o - o. Calculate the highest common factor of 10 and p.
10
Let k = -6 - -22. What is the highest common divisor of k and 8?
8
Let o = -9 - -13. Suppose -o*n + 151 = -393. What is the highest common factor of 17 and n?
17
Suppose 2*l = -5*r - 0*r + 14, 3*l + 4 = 5*r. Let o be (-20)/(l/(-2)) - 2. What is the highest common divisor of o and 12?
6
Let b(q) = q + 18. Let s be b(0). Let f(p) = 6*p**3. Let a be f(1). Calculate the highest common divisor of s and a.
6
Suppose 0 = -5*o - 16 - 9. Let j = 68 + o. Suppose 8*i = 3*i + 45. Calculate the highest common divisor of j and i.
9
Suppose -2*w = 2*w - 72. Let r = w + -8. What is the highest common factor of 10 and r?
10
Let p = -50 + 80. Let y be 36/2 + 2 + -1. Suppose 4*f - y = 5*c, -3*f + 5*c + 23 = 10. What is the greatest common factor of p and f?
6
Let f = 78 + -36. Calculate the highest common factor of f and 105.
21
Suppose -3*i + 5*r + 146 = 0, -3*r + 100 = 5*i - 98. Suppose 3*c - 57 = i. Calculate the highest common factor of 11 and c.
11
Suppose -t + 7 = -d, 3*t + 0*d - 31 = -2*d. What is the highest common factor of t and 9?
9
Suppose 3 = -3*f, z - 3*f + 2 - 7 = 0. Suppose -1 + 9 = z*x. Let l = x + 10. What is the highest common factor of l and 56?
14
Let f be (-10)/15 + (-23)/(-3). Let t = 29 + f. What is the highest common divisor of t and 9?
9
Suppose -6*x = -3*x - 21. Suppose 4*r + 48 = x*r. Calculate the highest common divisor of 4 and r.
4
Let g be ((0 - -1)*-17)/(-1). Calculate the highest common factor of 34 and g.
17
Let d(s) = 4*s - 8. Let x be d(6). Suppose -o + 2*l = -116, 3*l + 2*l = -5*o + 550. What is the greatest common divisor of x and o?
16
Suppose -26 = -4*y + 2*j, 3*y + 4*j + j = 13. Suppose d + 60 = y*d. Calculate the greatest common divisor of 132 and d.
12
Let m = 145 - 103. What is the highest common divisor of 70 and m?
14
Suppose 12*b - 18*b + 48 = 0. Calculate the highest common divisor of 24 and b.
8
Let k = -63 - -41. Let v = 2 - k. What is the highest common factor of v and 36?
12
Let k be (-1 - (22 - -2))*-1. Let s be (-2)/(-4) - (-3992)/16. Calculate the greatest common factor of k and s.
25
Let f(q) = 8*q - 7 - 5*q + 0. Let b be f(11). What is the highest common divisor of 130 and b?
26
Let w(u) be the second derivative of 0 - 5/6*u**3 - u + 5/2*u**2. Let m be w(-6). What is the greatest common factor of m and 7?
7
Let d(r) = -6*r - 23. Let m be d(-6). Calculate the highest common divisor of m and 39.
13
Let s = -13 + 22. What is the greatest common divisor of s and 81?
9
Suppose -7 = m - u, 2 = m + 3*u - 11. Let l be (-6)/((-1)/(m/(-4))). Suppose -5*r - 5 + 65 = 0. Calculate the greatest common divisor of r and l.
3
Suppose -l + 0 = -7. Suppose 3*w - 5*b = 89, 3*b - 82 = -3*w + b. Calculate the greatest common divisor of l and w.
7
Suppose 0 = -y - q + 10, -y + 4*q - 30 = -3*y. What is the greatest common divisor of y and 10?
5
Let d = 102 - -98. Calculate the greatest common factor of 25 and d.
25
Let b be -15*5 + (-6)/(-2). Let v be (76/(-16))/(2/b). Calculate the highest common divisor of 19 and v.
19
Let t = 17 + 71. What is the greatest common factor of t and 44?
44
Let l = 21 + -5. What is the highest common factor of 8 and l?
8
Suppose -5 = 5*r - 25. Let k = -15 + 43. Calculate the highest common divisor of r and k.
4
Let v be 624/80 + 2/10. Calculate the greatest common factor of v and 88.
8
Let c(i) = i**3 - 4*i**2 + 3. Let p be c(4). Suppose 0 = -p*w + 4*w - 5*j - 14, 14 = 5*w + 3*j. What is the highest common factor of w and 16?
4
Let s = -6 + 19. Calculate the highest common divisor of 91 and s.
13
Suppose -5*r + 8 + 12 = 0. Let y be (-2)/(-8) + (-1)/4. Suppose 2*x - 16 = -k, -2*k + 2*x + 11 + 9 = y. What is the greatest common factor of k and r?
4
Let k = -100 - -103. What is the greatest common factor of k and 4?
1
Let j = 36 + 24. Let t(i) = -i**3 - 7*i**2 - i + 3. Let n be t(-7). Calculate the highest common factor of n and j.
10
Let j(c) = -c**3 + c**2 + c. Let b be j(-3). Calculate the highest common factor of b and 3.
3
Let u(r) = r + 5. Let o be u(7). Let b = 3 + 5. What is the highest common factor of b and o?
4
Suppose -2*s = 2*s + o - 491, 2*o + 2 = 0. Calculate the greatest common divisor of 41 and s.
41
Suppose -2*j + 3*k + 6 = j, -4*j + 48 = 4*k. What is the highest common divisor of j and 63?
7
Let g(b) = b + 5. Let l be g(-5). Suppose 3*x - 2 - 13 = l. What is the greatest common divisor of x and 2?
1
Let u(g) = -3*g - 8. Let z be u(8). Let o = 50 + z. Calculate the greatest common divisor of o and 2.
2
Suppose 2*x = -2*x + 60. Let a = -1 + 4. Calculate the highest common factor of x and a.
3
Suppose 0 = -5*d + 68 + 117. What is the highest common factor of d and 185?
37
Let p be (308/(-21))/((-2)/42). Suppose 5*f - 5*i - 231 = 2*f, -p = -4*f - 2*i. Calculate the highest common divisor of f and 7.
7
Suppose -5*a = -3*g + 35, 2*g - 41 + 6 = 5*a. Let p = a + 12. Let v be -22*3/(-2) - 3. Calculate the highest common factor of v and p.
5
Suppose -2*q + 3 = -5. Suppose -q*m + 2*h = 4*h - 38, -m + 2*h = -12. Calculate the greatest common divisor of m and 20.
10
Let h be -8*(-2 - 0) + 0. Calculate the greatest common factor of h and 40.
8
Let d = -5 + 10. Calculate the greatest common divisor of d and 10.
5
Let y = 25 - 14. Suppose 5*i + 2*v + 5 = 7*v, 5*v = 2*i + y. Suppose q - 73 = -0*a - 4*a, i*q - 3*a = 157. Calculate the highest common factor of 7 and q.
7
Let j = 5 - 4. Let m(k) = -4*k**3 + 2*k**2 - 1. Let v be m(j). Let o be 1/(v/(36/(-1)